est common factor of n and g.
2
Suppose -2*h + 13527 + 50865 = 4*u, 2*h + 3*u - 64396 = 0. What is the greatest common divisor of h and 97?
97
Suppose 251 = 4*u - a, 4*u + 45 - 316 = -3*a. Let f be 3*28/(-12) - 1. Let q be (f*1)/(7 - 75/10). What is the highest common factor of q and u?
16
Suppose -37 = 6*b - 61. Suppose 738 = b*m - 422. Calculate the highest common factor of m and 10.
10
Let k be 21 + -13 + (-16)/4. Suppose -5*x + 278 = -k*m, -5*x + m = 5*m - 262. What is the highest common factor of x and 270?
54
Let n be ((-16)/(-10))/4*-75. Let v(l) = -3*l - 57. Let u be v(n). Calculate the greatest common factor of 297 and u.
33
Let d = 13678 - 7931. Calculate the greatest common factor of d and 7.
7
Let g be (13/(260/(-15)))/((-2)/56). Let m be ((-6)/4)/(g/7602). Let q = m - -993. Calculate the greatest common divisor of 50 and q.
50
Suppose 5*r - 3*m + 0*m - 238 = 0, -2*r - 3*m = -91. Let p be -21 + r + (0 - 3). Calculate the highest common divisor of 184 and p.
23
Let x = 24470 - 24054. Calculate the highest common factor of x and 1152.
32
Let s = 179 - 51. Let f be (-16)/(-6)*(-264)/(-22). Calculate the highest common divisor of s and f.
32
Let l(n) = -n**2 + 14*n - 34. Let g be l(4). Suppose 9*q - g = 3*q. Suppose -4*w - w = -15. What is the highest common factor of w and q?
1
Suppose 0 = 3*n + 3*f + 525 - 4263, -4*n - 5*f = -4988. What is the greatest common factor of 368 and n?
46
Let r be 15/(-35)*4025/(-25). Calculate the highest common factor of r and 2921.
23
Let y = 33 + -28. Suppose n + j - 1 = 0, 0 = -y*n + 5*j - 2*j + 13. Suppose 40 - 68 = -n*q. What is the highest common divisor of q and 35?
7
Suppose -21*g = 1268 - 4712. Calculate the greatest common factor of 205 and g.
41
Suppose 0 = 53*h - 51*h + n - 1633, -n + 814 = h. What is the highest common divisor of 1209 and h?
39
Suppose 3*h = -3*r + 33, -22*h - 6 = -20*h. What is the greatest common factor of r and 25522?
14
Let s be 4/(-16)*-4*0. Suppose -3*j + 0 + 6 = s. Suppose -j*p = -z + 27, -5*p - 1 + 21 = z. Calculate the highest common divisor of z and 200.
25
Suppose 0 = -4*q + 2*z - 41260 + 41308, -2*q - 5*z = 72. Let k(u) = -164*u**3 - u**2 - 2*u - 1. Let o be k(-1). Calculate the highest common factor of o and q.
4
Let t = 14721 + -14621. What is the highest common divisor of t and 1660?
20
Let z be -1 - -22 - 1/1. Let p(d) = 3*d + 114. Let k = -196 + 162. Let n be p(k). What is the greatest common divisor of z and n?
4
Let y be (-2*(3 - (-44)/(-16)))/((-2)/44). What is the highest common factor of y and 4125?
11
Suppose -12*g + 480 = 20*g. Let l = 6 + 10. Let w = l - 1. Calculate the greatest common divisor of w and g.
15
Let x = -825 - -735. Let k be (-4)/30 + -2164*3/x. Calculate the highest common divisor of 88 and k.
8
Suppose 4*g + 69 = r, 74 = -9*r + 10*r - 5*g. Let m = 53 - r. Suppose 219 - 35 = m*b. Calculate the greatest common divisor of 46 and b.
46
Suppose 48*f = 59*f. Suppose f = 5*i + 2*n - 2968, -14*i - n = -19*i + 2971. Calculate the greatest common divisor of i and 22.
22
Let x be 3/((-12)/(-21) - 40434/70980). Calculate the greatest common divisor of 20 and x.
10
Let q be 0*2/3*(-9)/(-6). Suppose q = -5*p + 390 + 160. What is the highest common factor of p and 10?
10
Suppose -2*y + 5*n + 9 = 28, -2*y = -4*n + 14. Let r be ((-963)/(-15))/y - 24/(-40). Calculate the highest common divisor of 33 and r.
11
Let p be (3 + 2)*(-7)/((-35)/18). Let o be (p/(-27))/(2/(-72)). What is the greatest common divisor of 72 and o?
24
Let m be (-422)/(-7) + (-10)/35. Suppose -18 = -2*v - m. Let s = v + 67. Calculate the highest common factor of 69 and s.
23
Let c be (11 - -12)/((0 - 7)/(-119)). Calculate the highest common factor of 368 and c.
23
Suppose -12 = 4*a - 3*d - 28, 2*a + 3*d + 10 = 0. Let u be (18/4)/(a/2). Let i = 2311 - 2266. Calculate the highest common divisor of i and u.
9
Suppose -r = -9 - 5. Let z be 3 + (-537)/(-3) + 1. Let d = -179 + z. Calculate the highest common factor of d and r.
2
Let v be ((-61)/(732/(-695736)))/3. What is the highest common divisor of v and 6?
6
Suppose 97*k - 10260 = 82*k. Calculate the greatest common divisor of 252 and k.
36
Suppose 3*d - 3*j = -0*j + 2715, d - 915 = -j. What is the highest common divisor of d and 520?
130
Suppose 10*q + 20*q = 360. Let y be (-3)/(-2 + (-35)/(-25)) + q. Let w = 164 - 79. What is the greatest common divisor of y and w?
17
Let s(p) = 33*p + 45 - 44*p + 23*p + 6. Let y(q) = -7*q**3 + q**2 + q. Let a be y(-1). Let w be s(a). Calculate the highest common divisor of w and 45.
45
Let x be -63*(72/14 + -9 + 3). Suppose 430 = 5*d - 5*q, q - x - 22 = -d. Let u = 9 - 0. What is the greatest common factor of d and u?
9
Suppose 19370 = 7*n - 27747. Calculate the highest common factor of 159 and n.
53
Let g be 13/(-8 - 2745/(-244)). Let v = -105 + 155. Calculate the highest common factor of v and g.
2
Suppose -27*y - 4720 = -47*y. Calculate the highest common divisor of 36 and y.
4
Suppose -14*h = -8*h - 5*h - 315. Calculate the greatest common divisor of 1215 and h.
45
Suppose -759*b - 4352 = -767*b. Calculate the highest common factor of b and 416.
32
Let u be ((-250)/(-24))/(17/969)*8. Calculate the highest common factor of u and 114.
38
Let p = 5511 + -5481. Calculate the highest common divisor of p and 160.
10
Let k(c) = c**2 - 7*c. Let f be k(8). Let a be 4/16*8 - 217. Let i be (-516)/a*10/6. Calculate the highest common divisor of f and i.
4
Let n = 115 - 53. Suppose -12*f + 1804 = -4148. Calculate the highest common divisor of n and f.
62
Let v be (1 + -2)/((-7)/(-7))*-3. Let t be 0 + (-61)/(-1) - v. Suppose -4*a = -22 - t. What is the greatest common factor of a and 70?
10
Let v = -26 + 26. Let p be 2*(17 - (1 + v)). Let w = -16 - -40. Calculate the highest common divisor of w and p.
8
Let p be 0/((-4)/((-8)/(-6))). Suppose 2*c - 22 - 2 = p. What is the greatest common factor of 33 and c?
3
Suppose 74*l - 67*l + 49 = 0. Let i be (6 + l)/((-1)/28). Suppose 5*c + 10 = 0, 118 = 3*a + 2*c + 2*c. What is the greatest common factor of i and a?
14
Let u be 1322/26 + 234/(-676) + (-3)/(-6). Let m be ((-4)/(-2))/(1/3). Calculate the greatest common factor of m and u.
3
Let h(x) = 9*x - 8. Let n be h(7). Suppose 2*m = 3*u + 43 - 17, 4*m = -5*u + 30. What is the greatest common factor of m and n?
5
Let d be 223 + -1 + 34 + -41. Calculate the highest common factor of d and 35.
5
Let i = 503 + -475. Suppose 4*p = 4*f - 164, f + i = -5*p + 75. What is the highest common divisor of 154 and f?
14
Let v(n) = 458*n + 2760. Let z be v(-6). Calculate the highest common divisor of z and 642.
6
Let s(c) = c - 3. Let q be s(-4). Let y = q - 2. Let z = 10 + y. What is the highest common factor of z and 4?
1
Suppose 3*l - 603 = -2*y - 3*y, -3*y + 364 = 4*l. Suppose -38 - 37 = -5*s. What is the greatest common divisor of s and y?
15
Let f = -5413 - -7419. Calculate the highest common divisor of f and 34.
34
Let i = 838 - 836. Suppose 5*w - 208 = -i*l, -2*l = -5*l - 4*w + 312. Calculate the greatest common divisor of 65 and l.
13
Suppose -8*b + 1489 = 89. Let d = b + -142. Calculate the greatest common factor of d and 3.
3
Suppose 3*o + 6*o = -27. Let z be (o + 8 - 2)/((-9)/(-6)). Calculate the greatest common factor of z and 64.
2
Let l(j) = 27*j**2 - 19*j + 111. Let b be l(7). Calculate the greatest common factor of b and 1.
1
Let n be (65 - 50)/(12/20). What is the greatest common divisor of n and 2750?
25
Let g be (7 + -2 - 3) + 18. Suppose -2*d + 33 = s, -11*s + g = -7*s. What is the highest common factor of d and 224?
14
Let r = 793 - 788. Let d = 5 - 1. Suppose -m - d*h = 2*m - 48, 0 = -2*m - 2*h + 34. Calculate the highest common divisor of r and m.
5
Let p = 10621 - 10607. Let i = 37 + 19. Calculate the greatest common divisor of p and i.
14
Let r = 67 - 59. Suppose -62 + r = -2*l. What is the greatest common factor of l and 189?
27
Suppose 124 = -2*b + 4*z, 3*b - 4*b - z - 71 = 0. Let o = b + 98. Let d be 5876/130 + (-2)/10. Calculate the greatest common factor of o and d.
15
Let b(a) = 10*a**2 - 5*a - 26. Let k be b(-4). Calculate the highest common divisor of k and 550.
22
Suppose 5*w = d - 13 + 95, 0 = -4*d - w - 223. Let u(x) = -x**2 + 4*x - 16. Let i be u(-6). Let m = d - i. What is the highest c